{"id":58,"date":"2020-09-06T22:12:25","date_gmt":"2020-09-06T20:12:25","guid":{"rendered":"http:\/\/fidesconseilgroup.com\/?page_id=58"},"modified":"2024-12-09T15:37:30","modified_gmt":"2024-12-09T14:37:30","slug":"a-propos-de-fides-conseil","status":"publish","type":"page","link":"https:\/\/fidesconseilgroup.com\/","title":{"rendered":"Cabinet Conseil &#038; Organisme de Formation"},"content":{"rendered":"\n<p class=\"has-white-color has-text-color has-background has-medium-font-size\" style=\"background-color:#0f0056\"><strong>Nouveaut\u00e9&nbsp;S\u00fbret\u00e9<\/strong><\/p>\n\n\n\n<p>Pour donner suite aux courriers de la DGAC des 30\/11\/2023 et 15\/01\/2024 relatifs aux modifications des proc\u00e9dures d\u2019inspection\/filtrage des envois conditionn\u00e9s dans des contenants herm\u00e9tiques de plus de 5 litres par voies a\u00e9rienne, Fid\u00e8s Conseil propose aux exportateurs :<\/p>\n\n\n\n<ul><li><strong>Une prestation de conseil pour la r\u00e9daction du programme de programme de s\u00fbret\u00e9 et d\u2019assurance qualit\u00e9, la mise en conformit\u00e9 de votre site ainsi que les formations \u00e0 effectuer.<\/strong><\/li><li><strong>Un audit de validation en vue de l\u2019obtention de votre agr\u00e9ment chargeur connu par un validateur UE de s\u00fbret\u00e9 a\u00e9rienne puis pr\u00e9voir annuellement un audit en vue du maintien de votre agr\u00e9ment.<\/strong><\/li><\/ul>\n\n\n\n<p>Remarque : dans le cadre d\u2019une proposition globale de services (conseil et audits), Fid\u00e8s Conseil ne peut pas \u00eatre juge et partie mais vous propose l\u2019assistance d\u2019un de ses sous-traitants pour r\u00e9aliser soit la prestation de conseil soit la prestation d\u2019audit initial et de suivi.<\/p>\n\n\n\n<p>N\u2019h\u00e9sitez pas \u00e0 nous contacter pour plus d\u2019informations.<\/p>\n\n\n\n<p class=\"has-white-color has-text-color has-background has-medium-font-size\" style=\"background-color:#0f0056\"><strong>Pr\u00e9sentation<\/strong><\/p>\n\n\n\n<p>Fort d\u2019une exp\u00e9rience depuis de nombreuses ann\u00e9es, FID\u00c8S CONSEIL SAS s\u2019entoure de consultants aguerris dans le domaine du Transport A\u00e9rien.<\/p>\n\n\n\n<p>Nous proposons diff\u00e9rentes prestations notamment l&#8217;assistance aux Commissionnaires de transport, en mati\u00e8re d&#8217;audit, de conseil et de formation.<\/p>\n\n\n\n<p>Nous intervenons principalement pour des Chargeurs Connus, Fournisseurs Connus et Habilit\u00e9s, Agents Habilit\u00e9s et pour des Prestataires de formation.<\/p>\n\n\n\n<p>Notre savoir-faire s&#8217;appuie sur l&#8217;expertise&nbsp;:&nbsp;<\/p>\n\n\n\n<ul><li>Expertise en transports internationaux A\u00e9riens &amp; Maritimes<\/li><li>Instructeurs certifi\u00e9s et qualifi\u00e9s de l\u2019Aviation Civile<\/li><li>Validateurs ind\u00e9pendants de l\u2019Union Europ\u00e9enne<\/li><\/ul>\n\n\n\n<p>Nos solutions&nbsp;:<\/p>\n\n\n\n<ul><li>Contr\u00f4le qualit\u00e9<\/li><li>Formations s\u00fbret\u00e9<\/li><li>Aide \u00e0 la r\u00e9daction des demandes d&#8217;agr\u00e9ments<\/li><li>Renouvellement d\u2019agr\u00e9ments<\/li><li>Visites annuelles de surveillance<\/li><li>R\u00e9daction du programme de s\u00fbret\u00e9<\/li><\/ul>\n\n\n\n<p><\/p>\n","protected":false},"excerpt":{"rendered":"<p>Nouveaut\u00e9&nbsp;S\u00fbret\u00e9 Pour donner suite aux courriers de la DGAC des 30\/11\/2023 et 15\/01\/2024 relatifs aux modifications des proc\u00e9dures d\u2019inspection\/filtrage des<\/p>\n","protected":false},"author":1,"featured_media":0,"parent":0,"menu_order":0,"comment_status":"closed","ping_status":"closed","template":"","meta":[],"_links":{"self":[{"href":"https:\/\/fidesconseilgroup.com\/index.php\/wp-json\/wp\/v2\/pages\/58"}],"collection":[{"href":"https:\/\/fidesconseilgroup.com\/index.php\/wp-json\/wp\/v2\/pages"}],"about":[{"href":"https:\/\/fidesconseilgroup.com\/index.php\/wp-json\/wp\/v2\/types\/page"}],"author":[{"embeddable":true,"href":"https:\/\/fidesconseilgroup.com\/index.php\/wp-json\/wp\/v2\/users\/1"}],"replies":[{"embeddable":true,"href":"https:\/\/fidesconseilgroup.com\/index.php\/wp-json\/wp\/v2\/comments?post=58"}],"version-history":[{"count":28,"href":"https:\/\/fidesconseilgroup.com\/index.php\/wp-json\/wp\/v2\/pages\/58\/revisions"}],"predecessor-version":[{"id":451,"href":"https:\/\/fidesconseilgroup.com\/index.php\/wp-json\/wp\/v2\/pages\/58\/revisions\/451"}],"wp:attachment":[{"href":"https:\/\/fidesconseilgroup.com\/index.php\/wp-json\/wp\/v2\/media?parent=58"}],"curies":[{"name":"wp","href":"https:\/\/api.w.org\/{rel}","templated":true}]}}